ple of 4940?
False
Is 1115 a factor of 2816490?
True
Does 13 divide 499314699?
True
Is 1595487887 a multiple of 1589?
True
Is 494596012 a multiple of 269?
False
Is 147 a factor of 9964983?
True
Is 3457 a factor of 342135833?
True
Does 46 divide 63557924?
True
Is 88652722 a multiple of 1065?
False
Does 301 divide 23802177?
True
Is 156 a factor of 78938652?
True
Does 34 divide 239491336?
False
Is 40 a factor of 9081440?
True
Is 33885120 a multiple of 7?
False
Is 44932455 a multiple of 39?
False
Does 73 divide 329756330?
True
Is 49543561 a multiple of 45?
False
Does 24 divide 433098048?
True
Does 1095 divide 37481850?
True
Is 3 a factor of 70869528?
True
Is 373592 a multiple of 2?
True
Is 445187053 a multiple of 1927?
False
Is 45349748 a multiple of 984?
False
Is 83811264 a multiple of 58?
False
Is 24 a factor of 1987999248?
True
Is 36 a factor of 8082000?
True
Is 177060966 a multiple of 229?
False
Is 924 a factor of 470964648?
True
Does 353 divide 1506512220?
True
Is 634586154 a multiple of 1923?
True
Is 1055 a factor of 28919660?
True
Is 418 a factor of 115107071?
False
Does 12 divide 986892?
True
Is 1258 a factor of 56409978?
True
Is 73872414 a multiple of 9?
True
Is 18332812 a multiple of 186?
False
Is 1453 a factor of 58663699?
False
Is 4 a factor of 2789556?
True
Does 5 divide 94221855?
True
Is 15370069 a multiple of 2?
False
Does 175 divide 1114323700?
True
Is 3253295 a multiple of 26?
False
Is 15 a factor of 51960645?
True
Is 792317 a multiple of 5?
False
Does 7376 divide 2699407086?
False
Does 2210 divide 697479150?
False
Is 1881 a factor of 19103403?
False
Is 4 a factor of 1483354?
False
Does 58 divide 2913359952?
True
Is 230811820 a multiple of 34?
False
Is 373922868 a multiple of 1426?
True
Does 4 divide 394876874?
False
Is 92 a factor of 30238468?
True
Is 193341638 a multiple of 14?
True
Is 3794721 a multiple of 21?
True
Is 121061511 a multiple of 34?
False
Is 9 a factor of 612212695?
False
Does 330 divide 42773280?
True
Is 48558351 a multiple of 140?
False
Does 1176 divide 3827880?
True
Does 12 divide 113850504?
True
Is 573 a factor of 42422055?
True
Is 46523148 a multiple of 534?
True
Is 284 a factor of 32942517?
False
Is 2319795167 a multiple of 1611?
False
Does 390 divide 1220373570?
True
Is 206992980 a multiple of 18?
True
Is 35759931 a multiple of 7?
False
Is 12 a factor of 3585360855?
False
Is 12 a factor of 4230804?
True
Does 43 divide 94343591?
True
Does 362 divide 231166322?
True
Is 85 a factor of 6690350?
True
Is 103021407 a multiple of 217?
False
Is 132296200 a multiple of 5?
True
Is 25 a factor of 23797800?
True
Does 135 divide 672027211?
False
Is 28 a factor of 190876997?
False
Does 162 divide 159452876?
False
Is 1585139576 a multiple of 184?
True
Is 7 a factor of 712593?
True
Does 54 divide 266448974?
False
Is 33 a factor of 47639790?
True
Is 462 a factor of 1434895308?
True
Is 246062900 a multiple of 51?
False
Does 1606 divide 455811708?
True
Is 1625 a factor of 97661878?
False
Is 623 a factor of 1111264439?
False
Does 3 divide 57200482?
False
Is 66062100 a multiple of 1950?
True
Is 1160232 a multiple of 696?
True
Is 756028 a multiple of 403?
True
Is 6 a factor of 264892422?
True
Is 9 a factor of 2364565?
False
Is 1318378 a multiple of 70?
False
Is 90147435 a multiple of 371?
True
Does 13 divide 2225947217?
True
Is 1053 a factor of 19290960?
True
Does 50 divide 215701659?
False
Is 22 a factor of 159021940?
True
Is 168 a factor of 66789240?
True
Is 498 a factor of 2599023814?
False
Does 12 divide 667585933?
False
Is 24434334 a multiple of 535?
False
Is 554584701 a multiple of 33?
True
Is 78 a factor of 355925778?
True
Does 2674 divide 111709299?
False
Does 6111 divide 452248386?
False
Is 12 a factor of 49695511?
False
Does 9 divide 511839342?
True
Is 217 a factor of 125280758?
False
Is 11 a factor of 74961612?
True
Is 9742 a factor of 496269839?
False
Does 717 divide 84778797?
True
Does 7 divide 1282199366?
True
Is 126 a factor of 12149298?
True
Is 839 a factor of 181170482?
False
Is 651 a factor of 23352074?
False
Does 20 divide 93010060?
True
Is 231 a factor of 20897415?
True
Does 1225 divide 338198764?
False
Is 65 a factor of 1837487730?
True
Does 56 divide 13521256?
True
Does 43 divide 40285766?
False
Is 1712185 a multiple of 67?
True
Does 75 divide 31127028?
False
Does 3 divide 249161845?
False
Is 21 a factor of 10228365?
True
Is 1898 a factor of 120157385?
False
Does 6 divide 8327750?
False
Does 7683 divide 1257753198?
True
Is 125098240 a multiple of 82?
False
Does 14 divide 10010196?
True
Does 3486 divide 103807431?
False
Does 28 divide 30250051?
False
Is 39 a factor of 3411759?
True
Is 10 a factor of 95502700?
True
Is 348165270 a multiple of 10?
True
Is 8856456 a multiple of 12?
True
Does 2 divide 9648030?
True
Does 19 divide 223766?
False
Is 2862419755 a multiple of 89?
False
Does 31 divide 86070934?
False
Does 1521 divide 2511372001?
False
Does 39 divide 197875275?
True
Is 1720 a factor of 14083360?
True
Is 177 a factor of 1067734623?
True
Is 35 a factor of 188903400?
True
Is 22168410 a multiple of 62?
True
Is 248108748 a multiple of 31?
True
Does 250 divide 328002535?
False
Does 17 divide 113880943?
True
Is 5897 a factor of 254107627?
True
Is 2220 a factor of 104901093?
False
Does 16 divide 634788229?
False
Does 59 divide 37950688?
True
Is 54 a factor of 1343013825?
False
Does 882 divide 21074974?
False
Is 576 a factor of 50025024?
True
Is 509 a factor of 264071903?
False
Is 108 a factor of 1267595568?
True
Is 22605769 a multiple of 710?
False
Does 7 divide 144549139?
True
Does 22 divide 1220087?
False
Is 1362676580 a multiple of 380?
True
Is 48933991 a multiple of 2103?
False
Is 1515 a factor of 136107600?
True
Is 411 a factor of 221675727?
True
Does 19 divide 9796052?
False
Does 60 divide 310937433?
False
Is 42334380 a multiple of 66?
True
Is 16369893 a multiple of 342?
False
Is 30719304 a multiple of 54?
True
Is 24018280 a multiple of 88?
True
Does 420 divide 167798517?
False
Does 589 divide 39012115?
False
Is 17808245 a multiple of 7383?
False
Does 1144 divide 1177675981?
False
Is 331 a factor of 652897500?
True
Is 254287715 a multiple of 13?
False
Does 45 divide 61546275?
True
Does 3193 divide 420553223?
True
Does 102 divide 1281546054?
True
Is 118768804 a multiple of 812?
True
Is 124 a factor of 21383056?
True
Is 944859990 a multiple of 2890?
False
Is 13 a factor of 4801667?
True
Is 307918296 a multiple of 909?
True
Is 2402151588 a multiple of 813?
True
Does 127 divide 27701665?
False
Is 63551012 a multiple of 532?
False
Does 8 divide 1119410138?
False
Is 612889029 a multiple of 256?
False
Is 1365 a factor of 2268060795?
True
Does 1207 divide 32523822?
True
Is 87 a factor of 1477256488?
False
Is 51934235 a multiple of 17?
True
Does 31 divide 74667127?
True
Is 27 a factor of 7707113179?
False
Does 9 divide 1935783?
True
Does 240 divide 233114303?
False
Does 83 divide 93730927?
False
Does 40 divide 2881616?
False
Is 1888 a factor of 46686857?
False
Does 107 divide 56210798?
False
Does 654 divide 143662264?
False
Is 5 a factor of 58980124?
False
Is 1448347482 a multiple of 8523?
True
Is 18 a factor of 8251704?
True
Is 1232 a factor of 61152784?
True
Does 1510 divide 2154770?
True
Does 289 divide 56403808?
False
Is 12557463 even?
False
Is 512 a factor of 213489908?
False
Is 11085444 a multiple of 108?
True
Is 3055 a factor of 259479480?
True
Is 64308639 a multiple of 8?
False
Is 132114452 a multiple of 4?
True
Is 137 a factor of 7496822?
False
Is 14601579 a multiple of 439?
True
Is 13 a factor of 3315729501?
False
Is 37262192 a multiple of 1672?
True
Does 150 divide 2548506235?
False
Is 57753330 a multiple of 974?
True
Is 1941 a factor of 380001216?
True
Is 255738313 a multiple of 122?
False
Is 260 a factor of 234999180?
True
Is 30277126 a multiple of 251?
True
Is 56206109 a multiple of 31?
False
Is 6913 a factor of 899160084?
True
Does 3402 divide 101608688?
False
Does 560 divide 114417419?
False
Is 13313334 a multiple of 74?
False
Is 122 a factor of 15450637?
False
Is 64586320 a multiple of 1520?
True
Does 587 divide 870637226?
True
Is 507143070 a multiple of 105?
True
Is 5 a factor of 6245266?
False
Does 618 divide 1233975432?
True
Is 32566197 a multiple of 253?
False
Is 26 a factor of 46577960?
Tr